{"id":83,"date":"2018-12-04T20:48:46","date_gmt":"2018-12-04T19:48:46","guid":{"rendered":"https:\/\/www.astro.sk\/iau100\/astronomickeslovensko\/?page_id=83"},"modified":"2023-02-19T15:08:38","modified_gmt":"2023-02-19T14:08:38","slug":"o-konferencii","status":"publish","type":"page","link":"https:\/\/www.astro.sk\/iau100\/astronomickeslovensko\/index.php\/o-konferencii\/","title":{"rendered":"O konferencii"},"content":{"rendered":"<p style=\"text-align: justify;\"><a href=\"https:\/\/sas.astro.sk\/\"><em>Slovensk\u00e1 astronomick\u00e1 spolo\u010dnos\u0165 pri Slovenskej akad\u00e9mii vied<\/em><\/a> (SAS pri SAV) v spolupr\u00e1ci so <a href=\"https:\/\/www.suh.sk\/\"><em>Slovenskou \u00fastrednou hvezd\u00e1r\u0148ou v Hurbanove<\/em><\/a>, <a href=\"https:\/\/www.upjs.sk\/prirodovedecka-fakulta\"><em>Pr\u00edrodovedeckou fakultou Univerzity P. J. \u0160af\u00e1rika v Ko\u0161iciach<\/em><\/a> a \u010fal\u0161\u00edmi partnermi organizuje konferenciu <em>Astronomick\u00e9 Slovensko 2023<\/em>, ktor\u00e1 sa bude kona\u0165 v d\u0148och <em>27. \u2013 29. septembra 2023<\/em> v priestoroch U\u010debno-v\u00fdcvikov\u00e9ho zariadenia Univerzity P. J. \u0160af\u00e1rika v\u00a0<em>Dani\u0161ovciach<\/em> ne\u010faleko Spi\u0161skej Novej Vsi.<\/p>\n<p style=\"text-align: justify;\">Konferencia nadv\u00e4zuje na \u00faspe\u0161n\u00e9 podujatie <a href=\"https:\/\/www.astro.sk\/iau100\/astronomickeslovensko\/index.php\/astronomicke-slovensko-2019\">Astronomick\u00e9 Slovensko 2019<\/a>, ktor\u00e9 sa konalo 25. &#8211; 27. septembra 2019 v Dani\u0161ovciach. Konferencie sa z\u00fa\u010dastnilo 36 \u00fa\u010dastn\u00edkov reprezentuj\u00facich pestr\u00fa paletu astronomick\u00fd subjektov na Slovensku, ktor\u00ed prezentovali 29 pr\u00edspevkov formou predn\u00e1\u0161ok a 6 pr\u00edspevkov vo forme v\u00fdstav.<\/p>\n<p style=\"text-align: justify;\">Na konferenciu <em>Astronomick\u00e9 Slovensko 2023<\/em> s\u00fa pozvan\u00e9 v\u0161etky subjekty na astronomickej mape Slovenska od t\u00fdch profesion\u00e1lnych a\u017e po jednotliv\u00fdch nad\u0161encov: astronomick\u00e9 in\u0161tit\u00facie a univerzity, hvezd\u00e1rne a planet\u00e1ri\u00e1, astronomick\u00e9 spolo\u010dnosti, kluby, ob\u010dianske zdru\u017eenia. V\u0161etci tu m\u00f4\u017eu prezentova\u0165 svoju \u010dinnos\u0165 v oblasti <em>astronomick\u00e9ho vzdel\u00e1vania a populariz\u00e1cie<\/em> a z\u00e1rove\u0148 spolo\u010dne diskutova\u0165 o mo\u017enostiach vz\u00e1jomnej spolupr\u00e1ce v t\u00fdchto oblastiach.<\/p>\n<p style=\"text-align: justify;\"><span class=\"tlid-translation translation\" lang=\"sk\"><span class=\"\" title=\"\">Pr\u00edspevky m\u00f4\u017eu by\u0165 prezentovan\u00e9 formou preh\u013eadov\u00fdch predn\u00e1\u0161ok, konferen\u010dn\u00fdch predn\u00e1\u0161ok, kr\u00e1tkych ozn\u00e1men\u00ed, v\u00fdstav, posterov a prezenta\u010dn\u00fdch stojanov typu roll-up. O spolupr\u00e1ci v oblasti astronomick\u00fdch vzdel\u00e1vac\u00edch a populariza\u010dn\u00fdch aktiv\u00edt na Slovensku bud\u00fa m\u00f4c\u0165 \u00fa\u010dastn\u00edci hovori\u0165 aj v r\u00e1mci <em>panelovej diskusie<\/em>.<br \/>\n<\/span><\/span><\/p>\n<p style=\"text-align: justify;\">Na konferenciu <em>Astronomick\u00e9 Slovensko 2023<\/em> bude nadv\u00e4zova\u0165 19. riadny zjazd SAS pri SAV, ktor\u00fd sa bude kona\u0165 v d\u0148och 29. <em>\u2013<\/em><em> 30. septembra 2023<\/em> v priestoroch U\u010debno-v\u00fdcvikov\u00e9ho zariadenia Univerzity P. J. \u0160af\u00e1rika v\u00a0<em>Dani\u0161ovciach.<\/em><\/p>\n","protected":false},"excerpt":{"rendered":"<p>Slovensk\u00e1 astronomick\u00e1 spolo\u010dnos\u0165 pri Slovenskej akad\u00e9mii vied (SAS pri SAV) v spolupr\u00e1ci so Slovenskou \u00fastrednou hvezd\u00e1r\u0148ou v Hurbanove, Pr\u00edrodovedeckou fakultou\u2026 <\/p>\n","protected":false},"author":1,"featured_media":0,"parent":0,"menu_order":0,"comment_status":"closed","ping_status":"closed","template":"","meta":{"ngg_post_thumbnail":0},"_links":{"self":[{"href":"https:\/\/www.astro.sk\/iau100\/astronomickeslovensko\/index.php\/wp-json\/wp\/v2\/pages\/83"}],"collection":[{"href":"https:\/\/www.astro.sk\/iau100\/astronomickeslovensko\/index.php\/wp-json\/wp\/v2\/pages"}],"about":[{"href":"https:\/\/www.astro.sk\/iau100\/astronomickeslovensko\/index.php\/wp-json\/wp\/v2\/types\/page"}],"author":[{"embeddable":true,"href":"https:\/\/www.astro.sk\/iau100\/astronomickeslovensko\/index.php\/wp-json\/wp\/v2\/users\/1"}],"replies":[{"embeddable":true,"href":"https:\/\/www.astro.sk\/iau100\/astronomickeslovensko\/index.php\/wp-json\/wp\/v2\/comments?post=83"}],"version-history":[{"count":13,"href":"https:\/\/www.astro.sk\/iau100\/astronomickeslovensko\/index.php\/wp-json\/wp\/v2\/pages\/83\/revisions"}],"predecessor-version":[{"id":374,"href":"https:\/\/www.astro.sk\/iau100\/astronomickeslovensko\/index.php\/wp-json\/wp\/v2\/pages\/83\/revisions\/374"}],"wp:attachment":[{"href":"https:\/\/www.astro.sk\/iau100\/astronomickeslovensko\/index.php\/wp-json\/wp\/v2\/media?parent=83"}],"curies":[{"name":"wp","href":"https:\/\/api.w.org\/{rel}","templated":true}]}}